 digit of g?
4
Let f = -3092 + 1802. Let i = f + 1873. What is the units digit of i?
3
Let g = -15813 - -47489. What is the hundreds digit of g?
6
Suppose -3*u - 5*a + 19 = 0, -4 = 2*u + a - 6*a. Suppose u*n = 2*o + 3825, 33*o - 3807 = -3*n + 29*o. What is the units digit of n?
3
Suppose -1914347 = -78*b + 653156 - 59725. What is the tens digit of b?
5
Let c(b) = 1286*b - 92. Let g be c(4). Suppose 2556 = 12*k - g. What is the hundreds digit of k?
6
Suppose -3757 = 6*b + 7*b. Let l = b - -688. What is the tens digit of l?
9
Suppose -g - 3*k = -6, -5*g + 3*k + 13 = 1. Suppose j - 2476 = -5*s - 0*j, g*j = -s + 498. What is the tens digit of s?
9
Suppose -1564 = 18*u + 7904. Let g = u - -1213. What is the hundreds digit of g?
6
Let q(t) = -25*t**2 + 2*t + 18. Let p(l) = -37*l**2 + 3*l + 27. Let k(a) = -5*p(a) + 7*q(a). What is the tens digit of k(-2)?
3
Let s(l) = l**2 - 2*l - 32. Let m be s(-5). Suppose 11*j = m*j + 1240. What is the units digit of j?
5
Suppose -3*k + 13 = 5*l, 0*l - 2*k = -2*l + 2. Suppose 0*x + 20 = l*x. Suppose 7*o - x*o = -96. What is the units digit of o?
2
Let f be (7 + (-1614)/(-18))*(-9)/(-2). Let r = f + -49. What is the hundreds digit of r?
3
Suppose 4896 = 6*x - 4350. Suppose 6*q = x - 245. Suppose 3*d + d - q = 0. What is the units digit of d?
4
Let h be (45/(-10))/(1 - 6/4). Suppose 11*g + h*g = 5540. What is the hundreds digit of g?
2
Let r = 524 - 233. Suppose z - x - r = 0, -4*z = -8*z - 3*x + 1171. What is the hundreds digit of z?
2
Let i be 4/(-2)*(-1 - 0). Suppose -4*n - 12 = -4*a, -3*n - 4 = -i*a - 0*n. Suppose -u - a*s + 47 = 0, 4 = 3*u + 5*s - 157. What is the tens digit of u?
5
Let c be (((-16)/10)/(-2))/(2/10). Let k be (c/(-1))/1 - -9. Suppose 5*f + 210 = k*o, 3*o - 144 = f - 8. What is the tens digit of o?
4
Let r(o) = -o**2 - 1 + 4*o - 5*o - o**2 + 4*o**2. Suppose -1071 + 1047 = -4*q. What is the units digit of r(q)?
5
Suppose -244*f = -258*f + 15470. What is the hundreds digit of f?
1
What is the units digit of (7 - (-29003)/26)*32/4?
0
Let t(y) = -10*y**2 + 460*y + 60. What is the hundreds digit of t(35)?
9
Suppose -3*u = -n - 27 - 21, -5*n - 2*u = 257. Let p = n - -55. What is the units digit of 6/p - 660/(-8)?
4
Let b(w) = -177*w + 160. Let j(v) = 176*v - 156. Let p(g) = 2*b(g) + 3*j(g). What is the tens digit of p(9)?
1
Let s = 385 - 383. What is the tens digit of (8 - (-72)/s)*19?
3
Suppose 0*x = x - 3. Suppose 18 = -0*j - x*j. What is the units digit of j/8 + 63/4?
5
Let t(j) = j**2 + 11*j + 12. Let q be (230/69)/(1/(-3)). Let z be t(q). Suppose 2*c + 54 = z*r - r, 0 = 5*r - 2*c - 278. What is the tens digit of r?
5
Let a(g) = 3647*g - 494. What is the tens digit of a(4)?
9
Suppose g + 3*o = -111, 4*g + 3*o = -2*o - 423. Let f = -96 - g. Suppose f = -2*b, h = 4*b - 5*b + 119. What is the tens digit of h?
2
Suppose -19*x = -16*x - 3. Let w be (-5 - -3 - -3)*x*-9. Let y = w - -119. What is the hundreds digit of y?
1
Suppose 0 = -126*x - 125*x + 248*x + 202665. What is the thousands digit of x?
7
Suppose 2*j - 46660 = -3*a, -5*a - 13819 - 9511 = -j. What is the ten thousands digit of j?
2
Let u = 3 - 0. Suppose -39*h = -20*h - 5073. Suppose 0 = -u*s - 0*s + h. What is the tens digit of s?
8
What is the thousands digit of 781632/42 + (-18)/63?
8
Let z = 73 - 68. Let m be z + 8 - (1 + 3). Suppose -26 - m = -f. What is the units digit of f?
5
Let v = -187 + 190. Suppose -526 = -i + 5*s, -3*i + v*s + 266 + 1372 = 0. What is the tens digit of i?
5
Let k(g) = 12*g**2 - 28*g + 81. Let y be k(13). Suppose 5*t - y = -0*z + 5*z, 3*t = -3*z + 1023. What is the tens digit of t?
4
Let y(j) = j**3 - 7*j**2 + 8*j - 2. Let s be y(6). Let d be -5 + 2 + 3 + s. Suppose 5*o = d*o - 90. What is the tens digit of o?
1
Let x = 31 + -24. Suppose 7*d + 182 - x = 0. Let y = 58 + d. What is the units digit of y?
3
Suppose -4*c + 6*t + 64516 = 8*t, -3*t + 12 = 0. What is the thousands digit of c?
6
Let y = 29135 - 20190. What is the units digit of y?
5
Let j(u) = 87*u**2 - 15*u + 95*u**2 - 181*u**2 - 15 + 4. Suppose 4*d = 6*d - 34. What is the units digit of j(d)?
3
Suppose -u = -5*z + 81, z + z + 3*u = 29. Let a be z*(-52)/(-8) - 1. Let m = a + -36. What is the tens digit of m?
6
Suppose 152*v + 46*v = 830610. What is the units digit of v?
5
Let v be -82*(-1 + (-1)/(-2)). Let l = -16224 - -16261. Suppose v*d - 628 = l*d. What is the units digit of d?
7
Suppose 4*s - 2 = 14. Suppose s*g = -j + 1345, 4*g = -4*j - j + 1365. What is the units digit of g?
5
Let s(q) = -15 + 25 + 7*q + 26 - 20*q. Let y be 5/(15/(-48)) - -3. What is the hundreds digit of s(y)?
2
Let g be 5 + (-3 + -5)/4. Suppose g*y + 168 = 588. What is the hundreds digit of y?
1
Suppose -r + 27743 = 4*z, 13177 + 7619 = 3*z - 3*r. What is the units digit of z?
5
Suppose 55*a = 13*a + 124278. What is the hundreds digit of a?
9
Let a = 23270 + -16525. What is the thousands digit of a?
6
Let n = 57 + -139. Let c = 282 + n. Suppose -4*m + 16 = 0, 5*m - c = -2*u - 3*u. What is the tens digit of u?
3
Let z(v) = -6*v + 4*v + 29 - 10*v. What is the units digit of z(-5)?
9
Let c be (-20)/(-4)*(-2 + 4)/(-2). Let v be (24/(-20))/((-2)/c). What is the tens digit of 5/((-5)/6) - v - -119?
1
Let b be ((-8)/14 - 22725/105)*1. Let y = -45 - b. What is the units digit of y?
2
Let x(f) be the third derivative of 1/30*f**5 + 0 + 13*f**2 - 1/60*f**6 + 0*f + 0*f**3 + 1/12*f**4. What is the tens digit of x(-3)?
6
Suppose 28*h = 955833 + 295823. What is the ten thousands digit of h?
4
Let t be 4/12*(2 - 2). Let w be (-20)/(-1) - (t - 1). Let d = 28 - w. What is the units digit of d?
7
Let y(w) = -135*w**3 + w**2 + w - 1. Let d be y(1). Suppose 25*f - 3*v + 90 = 24*f, 4*f - 5*v + 367 = 0. Let q = f - d. What is the tens digit of q?
4
Let t(i) = 2*i**3 - 14*i**2 + 3*i - 23. Let b be t(7). What is the tens digit of (b/3)/(3/(-414))?
9
Let o(j) = 21*j**2 - 199*j + 7602. What is the hundreds digit of o(41)?
7
Let c be -258 + 2*(-14)/4. Let v = c - -900. What is the hundreds digit of v?
6
Let n = -251 - -363. Suppose 2*d + 384 = -14*d. Let y = n + d. What is the units digit of y?
8
Let c(k) = -90*k + 8. Let a(t) = -267*t + 24. Let o(g) = -6*a(g) + 17*c(g). What is the hundreds digit of o(10)?
7
Let m be -6*((-12)/(-20) + (-31)/10). What is the thousands digit of 100/m*(221 - -7)?
1
Let a(v) be the second derivative of -v**4/12 + 7*v**3/3 - v**2 - 18*v. Let b be a(14). What is the tens digit of (-1076)/(-18) - b/9?
6
Let m(j) = -j**3 - 8*j**2 + 10*j - 28. Let s be m(-9). Let x = -17 - s. What is the tens digit of (x - -4)/(6/8)?
3
Suppose 26*p - 47763 = 10*p + 54829. What is the units digit of p?
2
Let a be (2/(-3))/((-12)/(-18)). Let z be (-4 - a)*(-15 + 54). What is the units digit of (-10)/3*(3 + z/15)?
6
Let z = 340 + -823. Let q = -359 - z. What is the units digit of q?
4
Let u = -358 + 718. Let y be 696/5 - -8*(-9)/u. Suppose -4*w = 2*c - 876, 4*c - y = -w + 87. What is the hundreds digit of w?
2
Suppose -5*r = -11*r + 24. Suppose -3*i - 1368 = 4*a, 4*i - 1344 = r*a + i. Let u = 551 + a. What is the units digit of u?
2
What is the hundreds digit of (60749 - 2) + (48/3 - 21)?
7
Let s(n) = 4*n**2 - 12*n + 23. Let t(o) = 7*o**2 - 24*o + 45. Let d(y) = 5*s(y) - 2*t(y). What is the units digit of d(-10)?
5
Let m be ((-2)/4)/(4 + 68/(-16)). What is the tens digit of ((-5)/m)/(-1 + 20/24)?
1
Let t = 49434 + -6143. What is the hundreds digit of t?
2
Let d be (4/6)/((6/99)/1). Suppose -d*r - 51 = 26. What is the units digit of 3*((-82)/(-6) - (-7 - r))?
1
Let n(x) = -x**3 + 29*x**2 - 52*x - 50. Let k be n(27). Suppose 2*l + 5*c = 848, -k*l - c + 1722 = -4*c. What is the units digit of l?
9
Suppose -52*t = -47*t - 23750. What is the thousands digit of t?
4
Suppose 11*s = 8*s + 96. Suppose s*q - 4 = 33*q. Let j(i) = -7*i - 8. What is the tens digit of j(q)?
2
Let q(i) = -5*i**3 - 4*i**2 + 7*i - 14. Let t be q(-5). What is the units digit of ((-27)/(-18))/((-1426)/t - -3)?
7
Let c = -260 - -283. Suppose 6489 + 5287 = c*h. What is the hundreds digit of h?
5
Suppose 3*c - 2*c - 4 = 0, c = -2*g + 648. Let z = g - 35. What is the tens digit of z?
8
Let h = -1365 - -11730. What is the ten thousands digit of h?
1
Suppose 20*q + 900 + 8120 = 0. Let l = q + 1065. What is the hundreds digit of l?
6
Let b